*3*2. Determine l(z).
8
Suppose -5*w - 3*p - 7 = 3, -28 = -3*w + 5*p. Suppose 4*k = 3*q - 9, -13*k + 8*k = -2*q - w. Let f(r) = -r + 7. Calculate f(q).
0
Let n(m) = 6*m - 1. Let c(l) = l + 1. Let p(f) = -10*c(f) + 2*n(f). Let k(g) = 390*g + 15220. Let t be k(-39). Determine p(t).
8
Let t(o) = o**3 + 6*o**2 - o. Suppose -4*a + z = -2424, -1300 = -5*a - 5*z + 1730. Let f = 600 - a. Determine t(f).
6
Let b(h) be the third derivative of -h**5/120 + h**4/3 - 50*h**3/3 + 220*h**2. Let y(k) be the first derivative of b(k). Give y(4).
4
Let v be (0 + 2)*(0 + 17). Let z = 34 - v. Let j(f) = 4*f + 5*f**2 + 4 - 11*f**2 + 5*f**2 + z*f**2. What is j(5)?
-1
Let y be 25 - (-6 + -2 + 7). Let n = 25 - y. Let s(q) = 28*q**2 - q - 1. What is s(n)?
28
Let i = 517/930 + 43/155. Let r(h) be the second derivative of -20*h - i*h**3 - 1/2*h**2 + 0. Calculate r(-2).
9
Let a(k) = 17 - 133*k + 267*k - 135*k + 24*k**2 - 2*k**3 - 4. Give a(12).
1
Suppose 0 = -2*q + 4*v - 996, 13 - 33 = -4*v. Let k = q - -485. Let u(h) = 2*h**2 + 3*h. Calculate u(k).
9
Let j(z) = -2 - 2 + 3 - 27*z + 6*z. Let d(u) = -u**3 - 8*u**2 - 22*u - 36. Let i be d(-5). Determine j(i).
20
Let n(t) = -t**2 - 15*t + 22. Let s(z) = -z**3 + 2*z**2 + 1. Let h(l) = 7*l**3 - 4*l**2 - 6*l + 5. Let a(y) = h(y) + 6*s(y). Let g be a(-9). Calculate n(g).
6
Let f(n) = -n + 3. Let t(y) = 13*y + 52. Let j be t(-19). Let c = j - -200. Give f(c).
-2
Let c(a) be the second derivative of -a**4/12 + 10*a**3/3 - 33*a**2/2 + 224*a - 2. What is c(17)?
18
Let b = -304 - -307. Let d(a) = -b*a**2 + 31*a - 11*a + 4*a**2 - 7 - 3 - 17*a. Give d(-7).
18
Let g(s) = -6*s - 13. Let t(q) = 5*q + 16. Let x(r) = 9*g(r) + 8*t(r). What is x(1)?
-3
Let k(z) be the first derivative of 5*z**2 + 24*z + 3534. Calculate k(-7).
-46
Let b be (2/(-6))/((-3)/(-9)). Let s(g) = 1 + 2*g + 736*g**2 - 485*g**2 - 236*g**2. Calculate s(b).
14
Let r(j) = 143*j**2 + 2*j + 2. Let f be r(-1). Let z = f + -140. Let x be (-1)/(-1 - (-4)/z). Let c(m) = -2*m - 4. Give c(x).
2
Let q(b) = 6*b + 9. Let h = 11 + -8. Let p(f) = -2 - 1 + 892*f - 894*f. Let o(n) = h*q(n) + 8*p(n). Give o(-8).
-13
Let h(b) = b**3 + 9*b**2 - 10*b + 11. Let l be h(-10). Let r(w) = -5*w**3 + 9*w**3 + l*w**3 + 0*w**2 - w**2 + 2 - 1. Determine r(1).
15
Let w(b) = -9*b**2 - 10 + 12 + 10*b**2 + 7*b. Let n(q) = q**2 + 5*q + 2. Let z(f) = -3*n(f) + 2*w(f). Give z(-2).
-4
Let k = -632 - -631. Let f(p) = -p. Let z(n) = -n**2 + 4*n - 9. Let v(q) = k*z(q) + 2*f(q). Determine v(4).
1
Let w(g) = g**2 + 7*g + 11. Suppose 0 = -1567*r + 1577*r + 40. Calculate w(r).
-1
Let q(o) = o**3 - 11*o**2 + 28*o + 5. Let w be q(4). Suppose -25 = -3*c + 7*i - 2*i, -5*i = -w. Let f(n) = -n**2 + 7*n. Determine f(c).
-30
Let y(h) = 3*h**2 + 5*h + 3. Let c(a) = -5*a**2 - 11*a - 7. Let g(m) = -4*c(m) - 7*y(m). Suppose 3736 = 574*p - 2004. Give g(p).
-3
Let p(s) = 681*s - 679. Let k be p(1). Let d(y) = 16*y - 29. Give d(k).
3
Let z(t) = t**3 - 5*t**2 - t - 31. Let c be z(6). Let s(n) = 5*n**3 - 16*n**2 + 8*n**2 + 9*n**2 - 10*n**3. Give s(c).
6
Let n(s) = -2*s**3 - 27*s**2 + 9*s - 76. Suppose 140 = -17*g + 6*g + g. Calculate n(g).
-6
Let u be (4/(-5)*-1255)/1. Suppose u - 1052 = 3*z. Let t(b) = b**3 + 17*b**2 + 17*b + 22. Calculate t(z).
6
Let x be ((-4)/(-2) - 1) + 5. Let g = 6135 + -6135. Suppose -2*h + 3*h + 6 = 4*k, -3*h - x = g. Let c(a) = -a**3 - 2*a**2 + a. Give c(k).
-2
Let r = 188 - 148. Suppose 7*g + r = -13*g. Let k(a) = -9*a - 1. Calculate k(g).
17
Let t(f) = 2*f - f - 411*f**3 + 1 + 894*f**3 - 517*f**3. Give t(-1).
34
Let w(j) be the first derivative of 5/2*j**2 + 14 + 1/20*j**5 + 1/6*j**3 - 5/12*j**4 + 25*j. Let d(f) be the first derivative of w(f). Give d(4).
-7
Let a(m) = -3*m + 36. Suppose 48*y + 5 = 4 + 1. Determine a(y).
36
Let p(b) = 6*b. Let o be p(1). Let f = o - 13. Let w(d) = -d**3 + d - 19. Let m(k) = 4*k**3 + 7*k**2 - 2*k + 65. Let x(n) = -m(n) - 3*w(n). Give x(f).
-1
Let l(p) = 18*p + 4. Let i = 61 + -37. Let t(z) = 11*z + 4*z - i*z + 8*z. Let h(k) = -l(k) - 12*t(k). What is h(-3)?
14
Let h(t) = -78*t**2 + 120*t**2 + 48*t - 1 - 33*t**2 - 17*t + 22*t. Determine h(-6).
5
Let m(s) be the second derivative of -2/3*s**3 + 1/4*s**4 - 50*s + 1/20*s**5 + 2 + 0*s**2. Give m(-4).
0
Suppose -4 = 5*q - 14. Let u(l) = -2*l**2 - q + 8 - 6*l - 1 + 0. Give u(-5).
-15
Let i(t) = 12*t - 14. Suppose 5*v = 3*o + 1, -6*v - 5*o + 53 = 26. Calculate i(v).
10
Suppose 4*t - 25 = -13. Suppose t*w = -w + 16. Let g(b) = 201*b + 12*b**2 - 206*b + b**3 - 15*b**2. Determine g(w).
-4
Let x(d) be the second derivative of 2*d - 1/12*d**4 - 1 - 3*d**2 - d**3. Give x(-5).
-1
Let d(a) = 10*a - 3. Let b = 309 - 304. Suppose 3*z + 5*m = -6, -8*z - 4*m - 3 = -b*z. Calculate d(z).
27
Let y(w) = 10*w - 28. Let x be y(4). Suppose 10 = x*r - 7*r. Let i(v) be the second derivative of -v**4/6 - v**2 + v. What is i(r)?
-10
Let r(b) = -b + 12. Suppose 8*o = 6*o - 5*k + 16, 2*k = -4*o. Let j(y) = -5*y + 37. Let q(l) = o*j(l) + 7*r(l). What is q(-9)?
-17
Let x(z) = 16*z**2 + 26*z + 27. Let j(t) = 3*t**2 + 5*t + 5. Suppose 45*y = 44*y - 11. Let b(p) = y*j(p) + 2*x(p). Let f be (-4 - 0) + (1 - 2). Calculate b(f).
-11
Let z be -14*((-44)/(-8))/(-11). Let v(n) = n**2 + 3*n - 2. Let h be v(2). Let q(j) = h*j**2 - 2*j + 7*j + 4 - 2*j**2 - j**3 + 4*j. What is q(z)?
18
Suppose 0 = -2*m + 502 + 114. Let b(t) = 2*t - 155 - 4*t + m - 157. Determine b(5).
-14
Let l(n) be the first derivative of 117 + 2*n**3 - 2*n - n**2 - 1/4*n**4. What is l(5)?
13
Let k = 11830 + -11868. Let n(d) = -d**3 - 38*d**2 - 3*d - 116. Determine n(k).
-2
Let q = 39 + -44. Let r(j) be the second derivative of -j**5/20 - j**4/3 + j**3/3 - j**2 - j. Calculate r(q).
13
Let n(w) = 362*w - 277. Let d(b) = 70*b - 55. Let i(v) = 31*d(v) - 6*n(v). Calculate i(-11).
-21
Suppose -r + 13 = 4*q, 84*r - 86*r + 17 = 5*q. Let s(u) = -20*u - 3. What is s(q)?
-63
Suppose 5 = -0*x + x, m = -4*x + 69. Let d(w) = -2*w - m + w + 29. Let a be d(-15). Let h(u) = -2*u - 2. Give h(a).
8
Let l(v) = -102*v - 274. Let s(x) = -177*x - 549. Let o(j) = -5*l(j) + 3*s(j). What is o(-13)?
-4
Let r(y) be the third derivative of 5*y**4/24 + 8*y**3/3 + 22*y**2 + 4*y. Let z(f) = -13*f - 623. Let k be z(-47). What is r(k)?
-44
Let r(v) = 2*v + 8. Suppose 5*i + 57 = -3*j + 28, -2*j - 5*i = 26. What is r(j)?
2
Let j(p) = p**2 - 128*p - 1091. Let t be j(-8). Let i(s) = -2*s**3 - 7*s**2 - 1. Determine i(t).
-10
Let u(p) = -p**3 - 7*p**2 - 2*p - 7. Let w be (6/8)/((-15)/(-260)). Suppose -68 = w*k + 23. What is u(k)?
7
Suppose 3*a - 112 = -4*u + 5*a, -u = a - 28. Suppose 0 = -u*h + 12 + 16. Let z(b) be the first derivative of 4*b**3 - b**2 + b + 1. Give z(h).
11
Suppose -2*d + u = -37, 0 = 4*u - 2*u + 2. Let j = 5 - 3. Let n(t) = -2 + 2*t**j - 9 + d*t + 4 - 24*t. What is n(5)?
13
Let w(d) = 8 + 10*d - 14 - 4 + 4 - d**2. Let s(f) = -4*f + 1. Let y(m) = -7*m + 3. Let n(b) = 11*s(b) - 6*y(b). Let h be n(-8). What is w(h)?
3
Let t = 7199 - 7200. Let c(l) = -43*l - 3. What is c(t)?
40
Let t(f) = 262 - 543 + 309 - 7*f + 16*f**2 - 17*f**2. Calculate t(-10).
-2
Let z(m) = m**3 - 7*m**2 + 3. Suppose -3*f + p = 2*p - 12, 2*p = 2*f. Let r be (944/(-590))/((-1)/5). Suppose f*x + 35 = r*x. Give z(x).
3
Let y(q) = 4*q**2 - 3*q**2 + 140164 - 2*q**2 - 140213 + 11*q. Calculate y(7).
-21
Let j(m) = -m**3 + 23*m + 12. Let q be j(5). Let z(w) be the third derivative of 0 + 1/24*w**4 + q*w**2 + 0*w - 1/60*w**5 + 0*w**3. Give z(3).
-6
Let b(x) = 10*x - 4*x + 2 + x**3 + 7*x**2 + 4. Let n be (-18)/(-5) - 42/(-105). Suppose 0 = 4*g - 3*l + 12, -3*l = n*g - l + 32. Determine b(g).
6
Let i(d) = -2*d**2 + 3*d + 2. Let v = -13 + 14. Let o(p) = -5*p + 3. Let f be o(3). Let k be (-5)/v*f/20. Calculate i(k).
-7
Suppose -1606 + 1621 = -5*c. Let s(u) = u**2 + u - 10. Give s(c).
-4
Suppose 311*f - 4*q - 24 = 314*f, -3*q - 21 = 3*f. Let j(l) = l**3 + 4*l**2 - 5*l + 3. Give j(f).
23
Let d be 1 + (2 - -1) + -3. Let c(k) = -3 + 0*k + d + 0 - k. Suppose -3*m + 3*a = m + 19, -3*a - 13 = 4*m. What is c(m)?
2
Let a be (-78)/(-14) - (-6)/14. Let l(i) = -i + 35. Let n(p) = p - 35. Let x(f) = a*n(f) + 5*l(f). Calculate x(0).
-35
Let a(j) = 21 - 61*j + 80*j - 18*j. Suppose -2*u - 5 = -z + 10, -5*u = 4*z + 44. Give a(u).
13
Let b be ((-45)/30)/((-9)/12). Let p(s) = -917*s